{"id":83,"date":"2025-10-01T07:08:23","date_gmt":"2025-10-01T07:08:23","guid":{"rendered":"https:\/\/zahnarzt-dr-einfeldt.de\/apotheke\/?post_type=product&#038;p=83"},"modified":"2025-10-01T07:44:31","modified_gmt":"2025-10-01T07:44:31","slug":"leava-gummies","status":"publish","type":"product","link":"https:\/\/zahnarzt-dr-einfeldt.de\/apotheke\/product\/leava-gummies\/","title":{"rendered":"Leava Gummies"},"content":{"rendered":"<p data-start=\"6538\" data-end=\"6736\"><\/p>\r\n<h2 class=\"wp-block-heading\"><strong>Leava Gummies Bewertungen<\/strong><\/h2>\r\n<p><img loading=\"lazy\" decoding=\"async\" class=\"alignnone size-full wp-image-84 aligncenter\" src=\"https:\/\/zahnarzt-dr-einfeldt.de\/apotheke\/wp-content\/uploads\/2025\/10\/Leava-Gummies-Bewertungen.webp\" alt=\"Leava Gummies Bewertungen\" width=\"211\" height=\"234\" \/><\/p>\r\n<p data-start=\"6538\" data-end=\"6736\">Willst du dein Gewicht reduzieren, ohne deinen K\u00f6rper zu belasten? Dieses Supplement hilft dir dabei. Es z\u00fcgelt dein Hungergef\u00fchl, st\u00e4rkt die Fettverbrennung und sorgt f\u00fcr eine bessere Gesundheit.<\/p>\r\n<p data-start=\"6738\" data-end=\"6979\">Der Markt ist \u00fcberf\u00fcllt mit Di\u00e4tprodukten, doch Leava ist getestet, sicher und wirksam. Es wird nach hohen Standards hergestellt und ist sehr beliebt. Wegen der Nachfrage ist es oft ausverkauft. Lies die Bewertungen f\u00fcr mehr Informationen.<\/p>\r\n<h2 class=\"wp-block-heading\"><strong>Leava Gummies Vorteile<\/strong><\/h2>\r\n<p data-start=\"3786\" data-end=\"4061\">\u2705 Naschlust stoppen \u2013 Verringert Appetit auf S\u00fc\u00dfes.<br data-start=\"3837\" data-end=\"3840\" \/>\u2705 Bessere Bauchbalance \u2013 Sorgt f\u00fcr leichte Verdauung.<br data-start=\"3893\" data-end=\"3896\" \/>\u2705 Energie den ganzen Tag \u2013 Kein Leistungsabfall.<br data-start=\"3944\" data-end=\"3947\" \/>\u2705 Abnehm-Partner \u2013 Unterst\u00fctzt beim Fettabbau.<br data-start=\"3993\" data-end=\"3996\" \/>\u2705 Leckere Einnahme \u2013 Kein Essiggeschmack, sondern fruchtig-s\u00fc\u00df.<\/p>\r\n<blockquote class=\"wp-block-quote is-layout-flow wp-block-quote-is-layout-flow\">\r\n<p><a href=\"https:\/\/zahnarzt-dr-einfeldt.de\/apotheke\/go\/leava-gummies\"><strong>\ud83d\udc49 RABATTE &#8211; 75 % + kostenloser Versand f\u00fcr Leava Gummies\u2013 Begrenzte Zeit \u2013 JETZT KAUFEN! \ud83d\udc48<\/strong><\/a><\/p>\r\n<\/blockquote>\r\n<p data-start=\"3786\" data-end=\"4061\"><\/p>\r\n<p data-start=\"3786\" data-end=\"4061\"><\/p>\r\n<h2 class=\"wp-block-heading\"><strong>Was ist Leava Gummies?<\/strong><\/h2>\r\n<p data-start=\"7495\" data-end=\"7775\">Leava geh\u00f6rt zu den gefragtesten Abnehmprodukten, da es auf nat\u00fcrliche Inhaltsstoffe setzt. Diese f\u00f6rdern die Fettverbrennung und helfen dir, langfristig fit zu bleiben. Gewichtszunahme hat oft innere Ursachen, die schwer zu kontrollieren sind. Mit Leava kannst du gegensteuern.<\/p>\r\n<p data-start=\"7777\" data-end=\"8009\">Das Produkt steigert die Energie, reinigt die Leber und sorgt f\u00fcr einen schlankeren K\u00f6rper. Es gilt als besonders rein und sicher, da es keine Nebenwirkungen hat. Mit Leava erreichst du deine Ziele und f\u00fchlst dich rundum ges\u00fcnder.<\/p>\r\n<h2 class=\"wp-block-heading\"><strong>Wie wirken Leava Gummies?<\/strong><\/h2>\r\n<p data-start=\"7364\" data-end=\"7568\">Leava ist ein innovatives Abnehmprodukt aus rein nat\u00fcrlichen Stoffen. Es hilft beim Fettabbau, st\u00e4rkt die Gesundheit und sorgt f\u00fcr besseren Schlaf. Damit f\u00fchlst du dich fitter, leichter und zufriedener.<\/p>\r\n<p data-start=\"7570\" data-end=\"7759\">Bereits nach der ersten Woche zeigt sich ein Unterschied auf der Waage. Es l\u00f6st hartn\u00e4ckige Fettdepots und entfernt Giftstoffe. Au\u00dferdem wirkt es entspannend und reinigend f\u00fcr den K\u00f6rper.<\/p>\r\n<p data-start=\"7761\" data-end=\"7907\">Regelm\u00e4\u00dfig angewandt, sind nach drei Wochen deutliche Resultate zu sehen. Leava bietet dir eine gesunde und sichere Unterst\u00fctzung beim Abnehmen.<\/p>\r\n<p data-start=\"7761\" data-end=\"7907\"><a href=\"https:\/\/zahnarzt-dr-einfeldt.de\/apotheke\/go\/leava-gummies\"><strong>\ud83d\udc49 RABATTE &#8211; 75 % + kostenloser Versand f\u00fcr Leava Gummies\u2013 Begrenzte Zeit \u2013 JETZT KAUFEN! \ud83d\udc48<\/strong><\/a><\/p>\r\n<h2 class=\"wp-block-heading\"><strong>Leava\u00a0Gummies\u00a0Inhaltsstoffe<\/strong><\/h2>\r\n<p data-start=\"5657\" data-end=\"5697\">Die Zusammensetzung von Leava Gummies:<\/p>\r\n<ul data-start=\"5699\" data-end=\"6008\">\r\n<li data-start=\"5699\" data-end=\"5756\">\r\n<p data-start=\"5701\" data-end=\"5756\">Apfelessig: Unterst\u00fctzt die Figur, senkt Zuckerwerte.<\/p>\r\n<\/li>\r\n<li data-start=\"5757\" data-end=\"5827\">\r\n<p data-start=\"5759\" data-end=\"5827\">Chance Piedra: Gut f\u00fcr Leber und Nieren, wirkt entz\u00fcndungshemmend.<\/p>\r\n<\/li>\r\n<li data-start=\"5828\" data-end=\"5883\">\r\n<p data-start=\"5830\" data-end=\"5883\">Artischocke: F\u00f6rdert Gewichtsabnahme und Verdauung.<\/p>\r\n<\/li>\r\n<li data-start=\"5884\" data-end=\"5937\">\r\n<p data-start=\"5886\" data-end=\"5937\">Ingwer: Aktiviert Energie und sch\u00fctzt die Zellen.<\/p>\r\n<\/li>\r\n<li data-start=\"5938\" data-end=\"6008\">\r\n<p data-start=\"5940\" data-end=\"6008\">Chicor\u00e9e, L\u00f6wenzahn, Schafgarbe: F\u00f6rdern Entgiftung und Fettabbau.<\/p>\r\n<\/li>\r\n<\/ul>\r\n<p data-start=\"3483\" data-end=\"3742\"><\/p>\r\n<h2 class=\"wp-block-heading\"><strong>Ist Leava f\u00fcr jeden sicher?<\/strong><\/h2>\r\n<p data-start=\"3483\" data-end=\"3742\">Ja, Erwachsene profitieren von den nat\u00fcrlichen Inhaltsstoffen. Es hilft M\u00e4nnern und Frauen beim Abnehmen. Nicht empfohlen wird es jedoch f\u00fcr Menschen unter 18 Jahren und f\u00fcr Personen, die Medikamente verwenden.<\/p>\r\n<p data-start=\"3483\" data-end=\"3742\"><a href=\"https:\/\/zahnarzt-dr-einfeldt.de\/apotheke\/go\/leava-gummies\"><strong>\ud83d\udc49 RABATTE &#8211; 75 % + kostenloser Versand f\u00fcr Leava Gummies\u2013 Begrenzte Zeit \u2013 JETZT KAUFEN! \ud83d\udc48<\/strong><\/a><\/p>\r\n<h2 class=\"wp-block-heading\"><strong>Wie nehme ich Leava Metabolism Booster Gummies ein?<\/strong><\/h2>\r\n<p data-start=\"2539\" data-end=\"2723\">Ganz einfach: wie ein Gummib\u00e4rchen kauen oder mit einem Glas Wasser schlucken. Wenn du Medikamente nimmst, bitte vorher den Arzt konsultieren.<\/p>\r\n<h2 class=\"wp-block-heading\"><strong>Wo kann man Leava Gummies kaufen?<\/strong><\/h2>\r\n<p>Die <a href=\"https:\/\/zahnarzt-dr-einfeldt.de\/apotheke\/go\/leava-gummies\">offizielle Website<\/a> ist die einzige sichere Quelle f\u00fcr Leava Gummies. Andere Verkaufsstellen k\u00f6nnen gef\u00e4lschte Produkte f\u00fchren.<\/p>\r\n<p><a href=\"https:\/\/zahnarzt-dr-einfeldt.de\/apotheke\/go\/leava-gummies\"><strong>\ud83d\udc49 RABATTE &#8211; 75 % + kostenloser Versand f\u00fcr Leava Gummies\u2013 Begrenzte Zeit \u2013 JETZT KAUFEN! \ud83d\udc48<\/strong><\/a><\/p>\r\n\r\n<h2 class=\"wp-block-heading\"><strong>Leava Gummies Bewertungen: Fazit<\/strong><\/h2>\r\n<p data-start=\"5515\" data-end=\"5676\">Dieses Produkt wandelt Fett in Energie um und hilft, Gewicht zu reduzieren. Nebenbei verbessert es auch die mentale Verfassung und steigert die Lebensqualit\u00e4t.<\/p>\r\n<p data-start=\"5678\" data-end=\"5767\">Leava Gummies sind international bekannt und haben schon vielen beim Abnehmen geholfen.<\/p>\r\n<p data-start=\"5769\" data-end=\"5863\">Die Wirkung ist auch ohne strikte Di\u00e4ten sichtbar. Zudem werden neue Fettreserven blockiert.<\/p>\r\n<p data-start=\"5769\" data-end=\"5863\"><a href=\"https:\/\/zahnarzt-dr-einfeldt.de\/apotheke\/go\/leava-gummies\"><strong>\ud83d\udc49 RABATTE &#8211; 75 % + kostenloser Versand f\u00fcr Leava Gummies\u2013 Begrenzte Zeit \u2013 JETZT KAUFEN! \ud83d\udc48<\/strong><\/a><\/p>\r\n\r\n\r\n\r\n<h2 class=\"wp-block-heading\"><strong>Leava Gummies Bewertungen: H\u00e4ufig gestellte fragen<\/strong><\/h2>\r\n<ul data-start=\"7244\" data-end=\"7690\">\r\n<li data-start=\"7244\" data-end=\"7355\">\r\n<p data-start=\"7246\" data-end=\"7355\"><strong data-start=\"7246\" data-end=\"7302\">Was bringen Leava Gummies f\u00fcr die Gewichtsreduktion?<\/strong><br data-start=\"7302\" data-end=\"7305\" \/>Sie reduzieren Fett und f\u00f6rdern die Verdauung.<\/p>\r\n<\/li>\r\n<li data-start=\"7357\" data-end=\"7434\">\r\n<p data-start=\"7359\" data-end=\"7434\"><strong data-start=\"7359\" data-end=\"7407\">Nach wie langer Anwendung merkt man Effekte?<\/strong><br data-start=\"7407\" data-end=\"7410\" \/>Meist nach 3 Wochen.<\/p>\r\n<\/li>\r\n<li data-start=\"7436\" data-end=\"7494\">\r\n<p data-start=\"7438\" data-end=\"7494\"><strong data-start=\"7438\" data-end=\"7465\">Gibt es Nebenwirkungen?<\/strong><br data-start=\"7465\" data-end=\"7468\" \/>Nein, sie sind sicher.<\/p>\r\n<\/li>\r\n<li data-start=\"7496\" data-end=\"7598\">\r\n<p data-start=\"7498\" data-end=\"7598\"><strong data-start=\"7498\" data-end=\"7540\">Sollte ich meinen Lebensstil anpassen?<\/strong><br data-start=\"7540\" data-end=\"7543\" \/>Ja, eine gesunde Ern\u00e4hrung unterst\u00fctzt die Wirkung.<\/p>\r\n<\/li>\r\n<li data-start=\"7600\" data-end=\"7690\">\r\n<p data-start=\"7602\" data-end=\"7690\"><strong data-start=\"7602\" data-end=\"7649\">Sind sie vegan und geeignet f\u00fcr Allergiker?<\/strong><br data-start=\"7649\" data-end=\"7652\" \/>Ja, vegan und frei von Allergenen.<\/p>\r\n<\/li>\r\n<\/ul>\r\n<p><a href=\"https:\/\/zahnarzt-dr-einfeldt.de\/apotheke\/go\/leava-gummies\"><strong>\ud83d\udc49 RABATTE &#8211; 75 % + kostenloser Versand f\u00fcr Leava Gummies\u2013 Begrenzte Zeit \u2013 JETZT KAUFEN! \ud83d\udc48<\/strong><\/a><\/p>\r\n\r\n<p data-start=\"2539\" data-end=\"2723\"><\/p>\r\n<p data-start=\"3483\" data-end=\"3742\"><\/p>\r\n<p data-start=\"7761\" data-end=\"7907\"><\/p>\r\n<p data-start=\"7777\" data-end=\"8009\"><\/p>\r\n<p data-start=\"3786\" data-end=\"4061\"><\/p>\r\n<p data-start=\"6738\" data-end=\"6979\"><\/p>","protected":false},"excerpt":{"rendered":"<p>Leava Gummies Bewertungen Willst du dein Gewicht reduzieren, ohne deinen K\u00f6rper zu belasten? Dieses Supplement hilft dir dabei. Es z\u00fcgelt dein Hungergef\u00fchl, st\u00e4rkt die Fettverbrennung und sorgt f\u00fcr eine bessere Gesundheit. Der Markt ist \u00fcberf\u00fcllt mit Di\u00e4tprodukten, doch Leava ist getestet, sicher und wirksam. Es wird nach hohen Standards hergestellt und ist sehr beliebt. Wegen &#8230; <a title=\"Leava Gummies\" class=\"read-more\" href=\"https:\/\/zahnarzt-dr-einfeldt.de\/apotheke\/product\/leava-gummies\/\" aria-label=\"Mehr Informationen \u00fcber Leava Gummies\">Read more<\/a><\/p>\n","protected":false},"featured_media":0,"comment_status":"open","ping_status":"closed","template":"","meta":[],"product_brand":[],"product_cat":[16],"product_tag":[],"class_list":{"0":"post-83","1":"product","2":"type-product","3":"status-publish","5":"product_cat-diaet","7":"first","8":"instock","9":"sale","10":"shipping-taxable","11":"product-type-external"},"_links":{"self":[{"href":"https:\/\/zahnarzt-dr-einfeldt.de\/apotheke\/wp-json\/wp\/v2\/product\/83","targetHints":{"allow":["GET"]}}],"collection":[{"href":"https:\/\/zahnarzt-dr-einfeldt.de\/apotheke\/wp-json\/wp\/v2\/product"}],"about":[{"href":"https:\/\/zahnarzt-dr-einfeldt.de\/apotheke\/wp-json\/wp\/v2\/types\/product"}],"replies":[{"embeddable":true,"href":"https:\/\/zahnarzt-dr-einfeldt.de\/apotheke\/wp-json\/wp\/v2\/comments?post=83"}],"wp:attachment":[{"href":"https:\/\/zahnarzt-dr-einfeldt.de\/apotheke\/wp-json\/wp\/v2\/media?parent=83"}],"wp:term":[{"taxonomy":"product_brand","embeddable":true,"href":"https:\/\/zahnarzt-dr-einfeldt.de\/apotheke\/wp-json\/wp\/v2\/product_brand?post=83"},{"taxonomy":"product_cat","embeddable":true,"href":"https:\/\/zahnarzt-dr-einfeldt.de\/apotheke\/wp-json\/wp\/v2\/product_cat?post=83"},{"taxonomy":"product_tag","embeddable":true,"href":"https:\/\/zahnarzt-dr-einfeldt.de\/apotheke\/wp-json\/wp\/v2\/product_tag?post=83"}],"curies":[{"name":"wp","href":"https:\/\/api.w.org\/{rel}","templated":true}]}}