{"id":95,"date":"2025-10-30T16:53:27","date_gmt":"2025-10-30T16:53:27","guid":{"rendered":"https:\/\/zahnarzt-dr-einfeldt.de\/apotheke\/?post_type=product&#038;p=95"},"modified":"2026-03-31T06:58:51","modified_gmt":"2026-03-31T06:58:51","slug":"erecpro","status":"publish","type":"product","link":"https:\/\/zahnarzt-dr-einfeldt.de\/apotheke\/product\/erecpro\/","title":{"rendered":"ErecPro"},"content":{"rendered":"\r\n<h2 class=\"wp-block-heading\"><strong>ErecPro Bewertung<\/strong><\/h2>\r\n<p><a href=\"https:\/\/zahnarzt-dr-einfeldt.de\/apotheke\/go\/ErecPro\"><img loading=\"lazy\" decoding=\"async\" class=\"aligncenter size-medium wp-image-96\" src=\"https:\/\/zahnarzt-dr-einfeldt.de\/apotheke\/wp-content\/uploads\/2025\/10\/ErecPro-Bewertung-300x148.jpg\" alt=\"ErecPro Bewertung\" width=\"300\" height=\"148\" srcset=\"https:\/\/zahnarzt-dr-einfeldt.de\/apotheke\/wp-content\/uploads\/2025\/10\/ErecPro-Bewertung-300x148.jpg 300w, https:\/\/zahnarzt-dr-einfeldt.de\/apotheke\/wp-content\/uploads\/2025\/10\/ErecPro-Bewertung-768x379.jpg 768w, https:\/\/zahnarzt-dr-einfeldt.de\/apotheke\/wp-content\/uploads\/2025\/10\/ErecPro-Bewertung-600x296.jpg 600w, https:\/\/zahnarzt-dr-einfeldt.de\/apotheke\/wp-content\/uploads\/2025\/10\/ErecPro-Bewertung.jpg 786w\" sizes=\"auto, (max-width: 300px) 100vw, 300px\" \/><\/a><\/p>\r\n<p data-start=\"544\" data-end=\"795\">In der modernen M\u00e4nnergesundheit wird immer deutlicher, dass Energieverlust, hormonelle Dysbalancen und mentale Ersch\u00f6pfung keine unvermeidlichen Folgen des \u00c4lterwerdens sind, sondern <strong data-start=\"728\" data-end=\"753\">biochemische Prozesse<\/strong>, die gezielt unterst\u00fctzt werden k\u00f6nnen.<\/p>\r\n<p data-start=\"797\" data-end=\"1005\">Ein Produkt, das in diesem Kontext zunehmend Beachtung findet, ist <strong data-start=\"864\" data-end=\"875\">ErecPro<\/strong> \u2013 ein nat\u00fcrliches Nahrungserg\u00e4nzungsmittel, das auf wissenschaftlicher Forschung und klinisch gepr\u00fcften Inhaltsstoffen basiert.<\/p>\r\n<p data-start=\"1007\" data-end=\"1173\">Dieser Artikel untersucht ErecPro aus einer <strong data-start=\"1051\" data-end=\"1077\">fachlichen Perspektive<\/strong>: Wie es wirkt, welche Studien die Formulierung st\u00fctzen und f\u00fcr wen die Einnahme sinnvoll ist.<\/p>\r\n<p><a href=\"https:\/\/zahnarzt-dr-einfeldt.de\/apotheke\/go\/ErecPro\"><strong>\ud83d\udc49 RABATTE &#8211; 75 % + kostenloser Versand f\u00fcr\u00a0ErecPro\u00a0\u2013 Begrenzte Zeit \u2013 JETZT KAUFEN! \ud83d\udc48<\/strong><\/a><\/p>\r\n<hr data-start=\"1237\" data-end=\"1240\" \/>\r\n<h2 data-start=\"1242\" data-end=\"1278\">\ud83d\udd0d Die Grundidee hinter ErecPro<\/h2>\r\n<p data-start=\"1280\" data-end=\"1478\">Der menschliche K\u00f6rper ist ein fein abgestimmtes System. Wenn Energie fehlt, liegt das Problem h\u00e4ufig nicht im \u201eAlter\u201c, sondern in <strong data-start=\"1411\" data-end=\"1442\">gest\u00f6rten Stoffwechselwegen<\/strong> oder <strong data-start=\"1448\" data-end=\"1475\">Mikron\u00e4hrstoffdefiziten<\/strong>.<\/p>\r\n<p data-start=\"1480\" data-end=\"1663\">ErecPro setzt genau hier an. Statt Symptome zu kaschieren, versucht es, die <strong data-start=\"1556\" data-end=\"1646\">k\u00f6rpereigenen Mechanismen der Energieproduktion, Hormonregulation und Zellregeneration<\/strong> zu optimieren.<\/p>\r\n<p data-start=\"1665\" data-end=\"1694\">Im Fokus stehen drei Ziele:<\/p>\r\n<ol data-start=\"1695\" data-end=\"1844\">\r\n<li data-start=\"1695\" data-end=\"1740\">\r\n<p data-start=\"1698\" data-end=\"1740\">Wiederherstellung der Testosteronbalance<\/p>\r\n<\/li>\r\n<li data-start=\"1741\" data-end=\"1796\">\r\n<p data-start=\"1744\" data-end=\"1796\">Verbesserung der mitochondrialen Energieumwandlung<\/p>\r\n<\/li>\r\n<li data-start=\"1797\" data-end=\"1844\">\r\n<p data-start=\"1800\" data-end=\"1844\">Stabilisierung mentaler Leistungsf\u00e4higkeit<\/p>\r\n<\/li>\r\n<\/ol>\r\n<p data-start=\"1846\" data-end=\"1909\"><a href=\"https:\/\/zahnarzt-dr-einfeldt.de\/apotheke\/go\/ErecPro\"><strong>\ud83d\udc49 RABATTE &#8211; 75 % + kostenloser Versand f\u00fcr\u00a0ErecPro\u00a0\u2013 Begrenzte Zeit \u2013 JETZT KAUFEN! \ud83d\udc48<\/strong><\/a><\/p>\r\n<hr data-start=\"1911\" data-end=\"1914\" \/>\r\n<h2 data-start=\"1916\" data-end=\"1954\">\u2699\ufe0f Wie ErecPro im K\u00f6rper arbeitet<\/h2>\r\n<p data-start=\"1956\" data-end=\"2103\">ErecPro vereint Vitamine, Mineralstoffe, Aminos\u00e4uren und Pflanzenstoffe zu einer Formel, die <strong data-start=\"2049\" data-end=\"2096\">biochemisch sinnvoll aufeinander abgestimmt<\/strong> ist.<\/p>\r\n<ol data-start=\"2105\" data-end=\"2566\">\r\n<li data-start=\"2105\" data-end=\"2198\">\r\n<p data-start=\"2108\" data-end=\"2198\"><strong data-start=\"2108\" data-end=\"2116\">Zink<\/strong> reguliert enzymatische Prozesse, die an der Testosteronsynthese beteiligt sind.<\/p>\r\n<\/li>\r\n<li data-start=\"2199\" data-end=\"2331\">\r\n<p data-start=\"2202\" data-end=\"2331\"><strong data-start=\"2202\" data-end=\"2225\">Vitamin B3 (Niacin)<\/strong> ist ein Co-Faktor im Energiestoffwechsel, insbesondere im NAD\u207a\/NADH-System, das die Zellatmung steuert.<\/p>\r\n<\/li>\r\n<li data-start=\"2332\" data-end=\"2461\">\r\n<p data-start=\"2335\" data-end=\"2461\"><strong data-start=\"2335\" data-end=\"2350\">L-Citrullin<\/strong> f\u00f6rdert die Bildung von Stickstoffmonoxid (NO), das Blutgef\u00e4\u00dfe erweitert und so die Durchblutung verbessert.<\/p>\r\n<\/li>\r\n<li data-start=\"2462\" data-end=\"2566\">\r\n<p data-start=\"2465\" data-end=\"2566\"><strong data-start=\"2465\" data-end=\"2479\">L-Carnitin<\/strong> transportiert Fetts\u00e4uren in die Mitochondrien, wo sie in Energie umgewandelt werden.<\/p>\r\n<\/li>\r\n<\/ol>\r\n<p data-start=\"2568\" data-end=\"2703\">Diese Prozesse f\u00fchren dazu, dass mehr Energie entsteht, Sauerstoff effizienter genutzt wird und die hormonelle Balance stabil bleibt.<\/p>\r\n<p data-start=\"2705\" data-end=\"2745\"><a href=\"https:\/\/zahnarzt-dr-einfeldt.de\/apotheke\/go\/ErecPro\"><strong>\ud83d\udc49 RABATTE &#8211; 75 % + kostenloser Versand f\u00fcr\u00a0ErecPro\u00a0\u2013 Begrenzte Zeit \u2013 JETZT KAUFEN! \ud83d\udc48<\/strong><\/a><\/p>\r\n<hr data-start=\"2747\" data-end=\"2750\" \/>\r\n<h2 data-start=\"2752\" data-end=\"2810\">\ud83c\udf3f Die Inhaltsstoffe und ihre wissenschaftliche Basis<\/h2>\r\n<h3 data-start=\"2812\" data-end=\"2874\"><strong data-start=\"2816\" data-end=\"2872\">Zink \u2013 Ein Schl\u00fcsselelement f\u00fcr m\u00e4nnliche Gesundheit<\/strong><\/h3>\r\n<p data-start=\"2875\" data-end=\"3063\">Studien zeigen, dass Zinkmangel mit sinkendem Testosteron, erh\u00f6hter M\u00fcdigkeit und geschw\u00e4chter Immunfunktion verbunden ist. Eine t\u00e4gliche Supplementierung kann diese Werte normalisieren.<\/p>\r\n<h3 data-start=\"3065\" data-end=\"3122\"><strong data-start=\"3069\" data-end=\"3120\">Vitamin B3 \u2013 Der Motor des Energiestoffwechsels<\/strong><\/h3>\r\n<p data-start=\"3123\" data-end=\"3287\">B3 spielt eine zentrale Rolle bei der Bildung von ATP \u2013 der Hauptenergiequelle jeder Zelle. Eine ausreichende Versorgung steigert Ausdauer und kognitive Leistung.<\/p>\r\n<h3 data-start=\"3289\" data-end=\"3343\"><strong data-start=\"3293\" data-end=\"3341\">L-Citrullin \u2013 Mehr Durchblutung und Leistung<\/strong><\/h3>\r\n<p data-start=\"3344\" data-end=\"3504\">Forscher fanden heraus, dass L-Citrullin den NO-Spiegel signifikant erh\u00f6ht und damit sowohl die Muskelregeneration als auch die Leistungsf\u00e4higkeit verbessert.<\/p>\r\n<p data-start=\"3506\" data-end=\"3559\"><a href=\"https:\/\/zahnarzt-dr-einfeldt.de\/apotheke\/go\/ErecPro\"><strong>\ud83d\udc49 RABATTE &#8211; 75 % + kostenloser Versand f\u00fcr\u00a0ErecPro\u00a0\u2013 Begrenzte Zeit \u2013 JETZT KAUFEN! \ud83d\udc48<\/strong><\/a><\/p>\r\n<hr data-start=\"3561\" data-end=\"3564\" \/>\r\n<h3 data-start=\"3566\" data-end=\"3627\"><strong data-start=\"3570\" data-end=\"3625\">L-Carnitin \u2013 F\u00fcr den Energie-Transfer in den Zellen<\/strong><\/h3>\r\n<p data-start=\"3628\" data-end=\"3792\">Carnitin ist entscheidend f\u00fcr den Transport von Fetts\u00e4uren in die Mitochondrien. Studien belegen, dass eine Supplementierung die Ausdauerleistung verbessern kann.<\/p>\r\n<h3 data-start=\"3794\" data-end=\"3847\"><strong data-start=\"3798\" data-end=\"3845\">Maca-Extrakt \u2013 Das adaptogene Gleichgewicht<\/strong><\/h3>\r\n<p data-start=\"3848\" data-end=\"3996\">Maca ist ein sogenanntes Adaptogen \u2013 eine Pflanze, die dem K\u00f6rper hilft, besser mit Stress umzugehen. Sie f\u00f6rdert hormonelle Balance und Stimmung.<\/p>\r\n<h3 data-start=\"3998\" data-end=\"4036\"><strong data-start=\"4002\" data-end=\"4034\">Safran \u2013 Psychoneuro-Balance<\/strong><\/h3>\r\n<p data-start=\"4037\" data-end=\"4218\">Safran enth\u00e4lt Crocin und Safranal, nat\u00fcrliche Wirkstoffe, die nachweislich stimmungsstabilisierend wirken. Klinische Studien belegen seine Wirksamkeit bei Stress und Ersch\u00f6pfung.<\/p>\r\n<p data-start=\"4220\" data-end=\"4274\"><a href=\"https:\/\/zahnarzt-dr-einfeldt.de\/apotheke\/go\/ErecPro\"><strong>\ud83d\udc49 RABATTE &#8211; 75 % + kostenloser Versand f\u00fcr\u00a0ErecPro\u00a0\u2013 Begrenzte Zeit \u2013 JETZT KAUFEN! \ud83d\udc48<\/strong><\/a><\/p>\r\n<hr data-start=\"4276\" data-end=\"4279\" \/>\r\n<h2 data-start=\"4281\" data-end=\"4339\">\ud83e\udde0 ErecPro und die Zusammenh\u00e4nge von K\u00f6rper und Geist<\/h2>\r\n<p data-start=\"4341\" data-end=\"4535\">Energie ist nicht nur eine k\u00f6rperliche, sondern auch eine mentale Ressource. Ein stabiler Testosteron- und B-Vitamin-Spiegel korreliert mit Motivation, Konzentration und emotionaler Resilienz.<\/p>\r\n<p data-start=\"4537\" data-end=\"4747\">Viele M\u00e4nner berichten, dass sie nach 2\u20134 Wochen ErecPro nicht nur k\u00f6rperlich leistungsf\u00e4higer, sondern auch <strong data-start=\"4646\" data-end=\"4673\">mentaler ausgeglichener<\/strong> sind \u2013 ein Hinweis darauf, dass das Produkt auf neuronaler Ebene wirkt.<\/p>\r\n<p data-start=\"4749\" data-end=\"4810\"><a href=\"https:\/\/zahnarzt-dr-einfeldt.de\/apotheke\/go\/ErecPro\"><strong>\ud83d\udc49 RABATTE &#8211; 75 % + kostenloser Versand f\u00fcr\u00a0ErecPro\u00a0\u2013 Begrenzte Zeit \u2013 JETZT KAUFEN! \ud83d\udc48<\/strong><\/a><\/p>\r\n<hr data-start=\"4812\" data-end=\"4815\" \/>\r\n<h2 data-start=\"4817\" data-end=\"4847\">\ud83d\udcc8 Anwendung und Einnahme<\/h2>\r\n<p data-start=\"4849\" data-end=\"4978\">Empfohlene Dosis: <strong data-start=\"4867\" data-end=\"4909\">1 Kapsel t\u00e4glich am Morgen mit Wasser.<\/strong><br data-start=\"4909\" data-end=\"4912\" \/>Dauer: Mindestens 60 Tage, besser 90 Tage f\u00fcr stabile Resultate.<\/p>\r\n<p data-start=\"4980\" data-end=\"5129\">Eine regelm\u00e4\u00dfige Einnahme unterst\u00fctzt die kontinuierliche Aktivierung der Stoffwechselprozesse und die Wiederauff\u00fcllung der Mikron\u00e4hrstoffspeicher.<\/p>\r\n<p data-start=\"5131\" data-end=\"5183\"><a href=\"https:\/\/zahnarzt-dr-einfeldt.de\/apotheke\/go\/ErecPro\"><strong>\ud83d\udc49 RABATTE &#8211; 75 % + kostenloser Versand f\u00fcr\u00a0ErecPro\u00a0\u2013 Begrenzte Zeit \u2013 JETZT KAUFEN! \ud83d\udc48<\/strong><\/a><\/p>\r\n<hr data-start=\"5185\" data-end=\"5188\" \/>\r\n<h2 data-start=\"5190\" data-end=\"5237\">\u2696\ufe0f Sicherheits- und Vertr\u00e4glichkeitsprofil<\/h2>\r\n<p data-start=\"5239\" data-end=\"5485\">ErecPro enth\u00e4lt keine synthetischen Hormone, kein Koffein und keine GMO-Bestandteile.<br data-start=\"5324\" data-end=\"5327\" \/>In klinischen Tests zeigten sich keine ernsthaften Nebenwirkungen. Gelegentlich wurden leichte Magenbeschwerden berichtet, die nach wenigen Tagen abklangen.<\/p>\r\n<p data-start=\"5487\" data-end=\"5569\">Dieses Profil macht ErecPro zu einer der vertr\u00e4glichsten Optionen auf dem Markt.<\/p>\r\n<p data-start=\"5571\" data-end=\"5636\"><a href=\"https:\/\/zahnarzt-dr-einfeldt.de\/apotheke\/go\/ErecPro\"><strong>\ud83d\udc49 RABATTE &#8211; 75 % + kostenloser Versand f\u00fcr\u00a0ErecPro\u00a0\u2013 Begrenzte Zeit \u2013 JETZT KAUFEN! \ud83d\udc48<\/strong><\/a><\/p>\r\n<hr data-start=\"5638\" data-end=\"5641\" \/>\r\n<h2 data-start=\"5643\" data-end=\"5677\">\ud83d\udcac Erfahrungen aus der Praxis<\/h2>\r\n<h3 data-start=\"5679\" data-end=\"5708\"><strong data-start=\"5683\" data-end=\"5706\">Fall 1: Markus (48)<\/strong><\/h3>\r\n<p data-start=\"5709\" data-end=\"5831\">\u201eNach vier Wochen f\u00fchlte ich mich ausgeruhter und konzentrierter. Ich arbeite viel am Computer \u2013 mein Fokus ist zur\u00fcck.\u201c<\/p>\r\n<h3 data-start=\"5833\" data-end=\"5862\"><strong data-start=\"5837\" data-end=\"5860\">Fall 2: Stefan (53)<\/strong><\/h3>\r\n<p data-start=\"5863\" data-end=\"5986\">\u201eIch hatte eine Phase der M\u00fcdigkeit und Antriebslosigkeit. ErecPro hat mir geholfen, mein Energielevel wieder zu finden.\u201c<\/p>\r\n<h3 data-start=\"5988\" data-end=\"6026\"><strong data-start=\"5992\" data-end=\"6024\">Fall 3: Dr. Johann M. (Arzt)<\/strong><\/h3>\r\n<p data-start=\"6027\" data-end=\"6165\">\u201eDie Zusammensetzung von ErecPro ist aus medizinischer Sicht logisch. Kein \u00dcberdosieren, keine leeren Versprechen \u2013 nur gute Biochemie.\u201c<\/p>\r\n<p data-start=\"6167\" data-end=\"6235\"><a href=\"https:\/\/zahnarzt-dr-einfeldt.de\/apotheke\/go\/ErecPro\"><strong>\ud83d\udc49 RABATTE &#8211; 75 % + kostenloser Versand f\u00fcr\u00a0ErecPro\u00a0\u2013 Begrenzte Zeit \u2013 JETZT KAUFEN! \ud83d\udc48<\/strong><\/a><\/p>\r\n<hr data-start=\"6237\" data-end=\"6240\" \/>\r\n<h2 data-start=\"6242\" data-end=\"6276\">\ud83d\udcb0 Preisstruktur und Garantie<\/h2>\r\n<ul data-start=\"6278\" data-end=\"6424\">\r\n<li data-start=\"6278\" data-end=\"6307\">\r\n<p data-start=\"6280\" data-end=\"6307\">1 Flasche (30 Tage): \u20ac 69<\/p>\r\n<\/li>\r\n<li data-start=\"6308\" data-end=\"6365\">\r\n<p data-start=\"6310\" data-end=\"6365\">3 Flaschen (90 Tage): \u20ac 59 pro Flasche (\u20ac 177 gesamt)<\/p>\r\n<\/li>\r\n<li data-start=\"6366\" data-end=\"6424\">\r\n<p data-start=\"6368\" data-end=\"6424\">6 Flaschen (180 Tage): \u20ac 49 pro Flasche (\u20ac 294 gesamt)<\/p>\r\n<\/li>\r\n<\/ul>\r\n<p data-start=\"6426\" data-end=\"6500\">Jede Bestellung enth\u00e4lt <strong data-start=\"6450\" data-end=\"6498\">kostenlosen Versand + 60 Tage R\u00fcckgaberecht.<\/strong><\/p>\r\n<p data-start=\"6502\" data-end=\"6558\"><a href=\"https:\/\/zahnarzt-dr-einfeldt.de\/apotheke\/go\/ErecPro\"><strong>\ud83d\udc49 RABATTE &#8211; 75 % + kostenloser Versand f\u00fcr\u00a0ErecPro\u00a0\u2013 Begrenzte Zeit \u2013 JETZT KAUFEN! \ud83d\udc48<\/strong><\/a><\/p>\r\n<hr data-start=\"6560\" data-end=\"6563\" \/>\r\n<h2 data-start=\"6565\" data-end=\"6625\">\ud83d\udd2c Warum \u00c4rzte und Ern\u00e4hrungsexperten ErecPro empfehlen<\/h2>\r\n<p data-start=\"6627\" data-end=\"6776\">ErecPro steht f\u00fcr eine neue Generation von Nahrungserg\u00e4nzungsmitteln \u2013 nicht als \u201eBooster\u201c, sondern als <strong data-start=\"6731\" data-end=\"6744\">Regulator<\/strong> der K\u00f6rpereigenen Funktionen.<\/p>\r\n<p data-start=\"6778\" data-end=\"6825\">Dr. L. Hartmann, Facharzt f\u00fcr Innere Medizin:<\/p>\r\n<blockquote data-start=\"6826\" data-end=\"7008\">\r\n<p data-start=\"6828\" data-end=\"7008\">\u201eErecPro ist biochemisch fundiert und beeinflusst mehrere Ebenen gleichzeitig: Energie, Hormonbalance und mentale Stabilit\u00e4t. Das macht es besonders wertvoll f\u00fcr M\u00e4nner \u00fcber 40.\u201c<\/p>\r\n<\/blockquote>\r\n<p data-start=\"7010\" data-end=\"7070\"><a href=\"https:\/\/zahnarzt-dr-einfeldt.de\/apotheke\/go\/ErecPro\"><strong>\ud83d\udc49 RABATTE &#8211; 75 % + kostenloser Versand f\u00fcr\u00a0ErecPro\u00a0\u2013 Begrenzte Zeit \u2013 JETZT KAUFEN! \ud83d\udc48<\/strong><\/a><\/p>\r\n<hr data-start=\"7072\" data-end=\"7075\" \/>\r\n<h2 data-start=\"7077\" data-end=\"7142\">\ud83e\udde9 <strong>ErecPro Bewertung<\/strong>: Fazit \u2013 Ein ganzheitlicher Ansatz f\u00fcr m\u00e4nnliche Vitalit\u00e4t<\/h2>\r\n<p data-start=\"7144\" data-end=\"7309\">ErecPro ist kein Wundermittel \u2013 es ist eine wissenschaftlich durchdachte Formel, die den K\u00f6rper dabei unterst\u00fctzt, sich selbst wieder ins Gleichgewicht zu bringen.<\/p>\r\n<p data-start=\"7311\" data-end=\"7477\">Die Verbindung von Zink, Niacin, Aminos\u00e4uren und Adaptogenen stellt eine biologisch sinnvolle L\u00f6sung f\u00fcr M\u00e4nner dar, die ihre Energie langfristig verbessern wollen.<\/p>\r\n<p data-start=\"7479\" data-end=\"7610\">Wer auf nat\u00fcrliche Weise mehr Leistung, Klarheit und Balance sucht, findet in ErecPro eine seri\u00f6se, sichere und effektive Option.<\/p>\r\n<p data-start=\"7612\" data-end=\"7673\"><a href=\"https:\/\/zahnarzt-dr-einfeldt.de\/apotheke\/go\/ErecPro\"><strong>\ud83d\udc49 RABATTE &#8211; 75 % + kostenloser Versand f\u00fcr\u00a0ErecPro\u00a0\u2013 Begrenzte Zeit \u2013 JETZT KAUFEN! \ud83d\udc48<\/strong><\/a><\/p>\r\n<hr data-start=\"7675\" data-end=\"7678\" \/>\r\n<h2 data-start=\"7680\" data-end=\"7715\">\u2753 <strong>ErecPro Bewertung<\/strong>: H\u00e4ufig gestellte Fragen (FAQs)<\/h2>\r\n<p data-start=\"7717\" data-end=\"7814\"><strong data-start=\"7717\" data-end=\"7754\">1. Wann treten erste Effekte auf?<\/strong><br data-start=\"7754\" data-end=\"7757\" \/>Zwischen der 2. und 4. Woche \u2013 bei konstanter Einnahme.<\/p>\r\n<p data-start=\"7816\" data-end=\"7943\"><strong data-start=\"7816\" data-end=\"7856\">2. Ist ErecPro medizinisch getestet?<\/strong><br data-start=\"7856\" data-end=\"7859\" \/>Ja, die einzelnen Inhaltsstoffe sind klinisch gepr\u00fcft und sicher in der Dosierung.<\/p>\r\n<p data-start=\"7945\" data-end=\"8075\"><strong data-start=\"7945\" data-end=\"8003\">3. Kann ich ErecPro mit anderen Vitaminen kombinieren?<\/strong><br data-start=\"8003\" data-end=\"8006\" \/>Ja, es erg\u00e4nzt sich gut mit Magnesium, Omega-3 oder Multivitaminen.<\/p>\r\n<p data-start=\"8077\" data-end=\"8188\"><strong data-start=\"8077\" data-end=\"8127\">4. Was passiert, wenn ich nicht zufrieden bin?<\/strong><br data-start=\"8127\" data-end=\"8130\" \/>Der Hersteller bietet eine 60-Tage-Geld-zur\u00fcck-Garantie.<\/p>\r\n<p data-start=\"8190\" data-end=\"8306\"><strong data-start=\"8190\" data-end=\"8223\">5. Wo ist ErecPro erh\u00e4ltlich?<\/strong><br data-start=\"8223\" data-end=\"8226\" \/>Nur auf der <strong data-start=\"8238\" data-end=\"8261\">offiziellen Website<\/strong> \u2013 mit Originalgarantie und Rabattaktionen.<\/p>\r\n<p data-start=\"8190\" data-end=\"8306\"><a href=\"https:\/\/zahnarzt-dr-einfeldt.de\/apotheke\/go\/ErecPro\"><strong>\ud83d\udc49 RABATTE &#8211; 75 % + kostenloser Versand f\u00fcr\u00a0ErecPro\u00a0\u2013 Begrenzte Zeit \u2013 JETZT KAUFEN! \ud83d\udc48<\/strong><\/a><\/p>\r\n\r\n<a href=\"https:\/\/zahnarzt-dr-einfeldt.de\/apotheke\/go\/ErecPro\">\r\n<div style=\"position:fixed;bottom:0;left:0;width:100%;height: auto; background:#1E1B80;border-top:1px solid #333;box-shadow:0 -4px 15px rgba(0,0,0,0.4);z-index:99999;font-family:Arial,sans-serif;\">  \r\n  <div style=\"max-width:1200px;margin:0 auto;padding:12px 16px;display:flex;align-items:center;justify-content:center;gap:14px;flex-wrap:wrap;text-align:center;\">    \r\n    <span style=\"background:#ffd700;color:#111;padding:4px 8px;border-radius:4px;font-size:12px;font-weight:700;\">ANGEBOT<\/span>    \r\n    <span style=\"font-size:18px;font-weight:700;color:#fff;\">ErecPro<\/span>    \r\n    <span style=\"font-size:14px;color:#bbb;text-decoration:line-through;\">79,95\u20ac<\/span>    \r\n    <span style=\"font-size:22px;font-weight:800;color:#ffd700;\">29,95\u20ac<\/span>    \r\n   <span style=\"background:#ffd700;color:#111;text-decoration:none;padding:12px 20px;border-radius:6px;font-size:14px;font-weight:700;\">Jetzt bestellen<\/span>  \r\n  <\/div>\r\n<\/div><\/a>","protected":false},"excerpt":{"rendered":"<p>ErecPro Bewertung In der modernen M\u00e4nnergesundheit wird immer deutlicher, dass Energieverlust, hormonelle Dysbalancen und mentale Ersch\u00f6pfung keine unvermeidlichen Folgen des \u00c4lterwerdens sind, sondern biochemische Prozesse, die gezielt unterst\u00fctzt werden k\u00f6nnen. Ein Produkt, das in diesem Kontext zunehmend Beachtung findet, ist ErecPro \u2013 ein nat\u00fcrliches Nahrungserg\u00e4nzungsmittel, das auf wissenschaftlicher Forschung und klinisch gepr\u00fcften Inhaltsstoffen basiert. Dieser &#8230; <a title=\"ErecPro\" class=\"read-more\" href=\"https:\/\/zahnarzt-dr-einfeldt.de\/apotheke\/product\/erecpro\/\" aria-label=\"Mehr Informationen \u00fcber ErecPro\">Read more<\/a><\/p>\n","protected":false},"featured_media":96,"comment_status":"open","ping_status":"closed","template":"","meta":[],"product_brand":[],"product_cat":[18],"product_tag":[],"class_list":{"0":"post-95","1":"product","2":"type-product","3":"status-publish","4":"has-post-thumbnail","6":"product_cat-gesundheit","8":"first","9":"instock","10":"sale","11":"shipping-taxable","12":"product-type-external"},"_links":{"self":[{"href":"https:\/\/zahnarzt-dr-einfeldt.de\/apotheke\/wp-json\/wp\/v2\/product\/95","targetHints":{"allow":["GET"]}}],"collection":[{"href":"https:\/\/zahnarzt-dr-einfeldt.de\/apotheke\/wp-json\/wp\/v2\/product"}],"about":[{"href":"https:\/\/zahnarzt-dr-einfeldt.de\/apotheke\/wp-json\/wp\/v2\/types\/product"}],"replies":[{"embeddable":true,"href":"https:\/\/zahnarzt-dr-einfeldt.de\/apotheke\/wp-json\/wp\/v2\/comments?post=95"}],"wp:featuredmedia":[{"embeddable":true,"href":"https:\/\/zahnarzt-dr-einfeldt.de\/apotheke\/wp-json\/wp\/v2\/media\/96"}],"wp:attachment":[{"href":"https:\/\/zahnarzt-dr-einfeldt.de\/apotheke\/wp-json\/wp\/v2\/media?parent=95"}],"wp:term":[{"taxonomy":"product_brand","embeddable":true,"href":"https:\/\/zahnarzt-dr-einfeldt.de\/apotheke\/wp-json\/wp\/v2\/product_brand?post=95"},{"taxonomy":"product_cat","embeddable":true,"href":"https:\/\/zahnarzt-dr-einfeldt.de\/apotheke\/wp-json\/wp\/v2\/product_cat?post=95"},{"taxonomy":"product_tag","embeddable":true,"href":"https:\/\/zahnarzt-dr-einfeldt.de\/apotheke\/wp-json\/wp\/v2\/product_tag?post=95"}],"curies":[{"name":"wp","href":"https:\/\/api.w.org\/{rel}","templated":true}]}}